-79979 - 6774. What is the remainder when j is divided by 97?
94
Suppose 4*n + 3*s - 198 = 0, -40 = -n + 2*s + 2*s. Calculate the remainder when (40/6)/4 + 65 + (-22288)/(-336) is divided by n.
37
Suppose 32*d - 185464 = 33*d - 98*d. What is the remainder when d is divided by 22?
20
Let j(o) be the first derivative of o**3/3 + 2*o**2 + 7*o - 6. What is the remainder when j(-7) is divided by 8?
4
Let o(k) = 22 - 36 + 12*k**2 - 13*k + k**3 - 7*k**2 + 2*k**2. What is the remainder when o(-7) is divided by 41?
36
Let v = -548 - -544. What is the remainder when 122 is divided by (-184)/v - (-12 - -15)?
36
What is the remainder when 3363 is divided by -1*4/(-8)*(-116)/(-2) + 4?
30
Suppose 16*h - 5593 = -1497. What is the remainder when h is divided by 51?
1
Let l = 1250 + -1044. What is the remainder when 1435 is divided by l?
199
Let j = 12 - -5. Let v = j - 44. Let i = v - -62. Calculate the remainder when i is divided by 18.
17
Let d(y) = 2*y + 115. Let o be d(10). Suppose -4*q + o = 67. What is the remainder when 150 is divided by q?
14
What is the remainder when 1897 is divided by (-244 + 25)/(2*-3*(-4)/(-16))?
145
What is the remainder when -654*-1*(4 + 92/(-24)) is divided by 5*55/((-5)/(-1))?
54
Calculate the remainder when 1083 is divided by 24*(-1 + (444/(-9))/(-4)).
267
Let j(i) = -2*i**2 - 17*i - 13. Let f be 48/(-12) + (-2 + 1)*2. Calculate the remainder when 148 is divided by j(f).
12
Let w = 1841 + -1784. Suppose 2*p = 4*q - 26, 3*p - q = 2*p - 8. Calculate the remainder when w is divided by (-48)/(-20)*(2 - p).
9
Let d = -1 - -10. Let a be 1 - ((-72)/30 + 4/10). Suppose a*x - 1 = -2*i, x - 10 = -5*i - 4*x. What is the remainder when d is divided by i?
4
Suppose -60*i - 10668 = -187*i. Calculate the remainder when i is divided by 37.
10
Let d(k) = -k**3 + 14*k**2 - k + 18. Let c be 8 - 8 - 1*-14. What is the remainder when 11 is divided by d(c)?
3
Suppose -4924 - 3103 = -49*n - 2000. What is the remainder when 241 is divided by n?
118
Suppose 18*w + 12432 + 22108 = 62*w. What is the remainder when w is divided by 16?
1
Let t(v) = -v**2 + 26*v + 11. Let c be t(18). Suppose -3*k + 7*k = 5*y + c, -4*k - 3*y = -163. Calculate the remainder when 78 is divided by k.
38
Suppose -8*g + 924 = -3*h + 553, -4*g = -3*h - 163. Suppose 0 = -3*f + 385 + 221. What is the remainder when f is divided by g?
46
Suppose 191*t - 37*t = 462. What is the remainder when ((-3)/2)/(6/(-12)) is divided by t?
0
Let j = -168 - -244. Let d(s) = -19*s - 12. What is the remainder when j is divided by d(-2)?
24
Let s = -7560 - -7611. Calculate the remainder when 179 is divided by s.
26
Suppose i - 5*q - 837 = 0, -3*q = i + 770 - 1599. Calculate the remainder when i is divided by 21.
13
Suppose -2*s + 44 = -6. Suppose -r = -5*r + 4*f - 40, 5*f - 30 = r. What is the remainder when r + -4*78/(-6) is divided by s?
22
Let h = -3826 - -3869. Calculate the remainder when 297 is divided by h.
39
Suppose 171*r - 399 = -3*x + 174*r, 0 = 4*x + 3*r - 490. Let j(w) = 4*w - 8. Calculate the remainder when x is divided by j(9).
15
Suppose 177*z - 188*z - 2167 = 0. Let d = 258 + z. Calculate the remainder when d is divided by 16.
13
Suppose 1 + 14 = 15*j. Let r be (-183)/12*j*4. Let m = r - -267. Calculate the remainder when m is divided by 52.
50
Suppose 3*z - 1873 - 674 = -357. Calculate the remainder when z is divided by 21.
16
Suppose 0 = 90*t - 10290 - 2850. Calculate the remainder when 10219 is divided by t.
145
Let f be 4*(13/4 - 2). Suppose -f*l = 2*s - 78, 7*l = 3*l - 8. What is the remainder when s is divided by 9?
8
Let i = -1981 + 2005. What is the remainder when 488 is divided by i?
8
What is the remainder when (-4453)/(-15) + 58/435 is divided by 77?
66
Suppose 35*d = -5*o + 33*d + 811, -5*o + 2*d = -819. What is the remainder when 280 is divided by o?
117
Suppose 12 - 58 = -2*j. Suppose -3*z = 15, 4*b = -z - 1 + 808. Calculate the remainder when (18/27)/(-1 - b/(-201)) is divided by j.
21
Suppose -2*d + 10 = 2*i + d, -2*i + 2*d + 20 = 0. What is the remainder when 4*(-6)/(-16) + 21 + 210/28 is divided by i?
6
Suppose 4*h = -4, 7*h = 4*u + 3*h - 112. Let j = -2369 - -2421. Calculate the remainder when j is divided by u.
25
Let z = -161 - -72. Let d = z - -173. Calculate the remainder when d is divided by 22.
18
Let k = -17352 - -17366. What is the remainder when 68 is divided by k?
12
Let r(y) = y**3 + 13*y**2 + 6*y - 54. What is the remainder when 488 is divided by r(-12)?
2
Let a(n) = -n**3 - 3*n + 1. Let x = 5 + -8. What is the remainder when (-513 - -440)*(1/(0 - 1) + 0) is divided by a(x)?
36
Suppose -14*g + 282 = -236. Suppose 2*s + 50 = 2*o, -2*o = 5*s + 3*o + 135. Calculate the remainder when g is divided by (16/4 + s)*-1.
15
Suppose 2*v + 278 = 6*u - 3*u, 2*v - 4 = 0. Suppose 0 = -7*n + 501 + u. Calculate the remainder when n is divided by 15.
10
Let p = 560 - 560. Let s(j) = 3*j**3 + 2*j + 40. Calculate the remainder when s(p) is divided by 29.
11
Let v = 2 + -3. Let p be ((-320)/560)/(10/(-14) + 1). What is the remainder when p/((-585)/(-595) + v) is divided by 30?
29
Suppose 0 = 2*d - 0*d + 2*p - 72, 3*d - 104 = p. Let w = 4 + d. Let u = -27 + w. What is the remainder when 29 is divided by u?
5
Let s(h) = -h**3 - 2*h**2 - 10*h + 13. Let b be s(6). Let t = 182 + b. Let q = -69 - t. Calculate the remainder when q is divided by 22.
18
Suppose 1574 = 24*h + 1142. Calculate the remainder when 26 is divided by h.
8
Suppose 0*r + r = 36. What is the remainder when r is divided by (-18)/(-21)*8*70/24?
16
Suppose -c = -i + 366, 8*i - 4*i + 3*c - 1457 = 0. Let n = -279 + i. What is the remainder when 687 is divided by n?
85
Calculate the remainder when 23084 is divided by (-634)/(-951)*(-291)/(-2).
95
Let w(g) = 1317*g - 329. Calculate the remainder when w(7) is divided by 39.
37
Suppose f - 16 = 2*z - 6*z, 3*f = -2*z - 2. Suppose 4*y + o + 0*o = 303, -3*o + 234 = 3*y. What is the remainder when y is divided by ((-56)/14)/(1/f)?
11
Let z = -53 + 257. Let s = -172 + z. Calculate the remainder when 126 is divided by s.
30
Let x be -3*3/15 - 138/(-30). Suppose 5*u - 231 + 11 = r, 0 = x*u + r - 185. Calculate the remainder when u is divided by 4.
1
Let f be 7888/6 + 344/258. Let m = -731 + f. Calculate the remainder when m is divided by 4.
1
Suppose j = 3*v + 31, 2*j + 41*v - 64 = 46*v. Suppose -29*y = -35*y + 84. Calculate the remainder when j is divided by y.
9
Let v = -14410 + 16767. What is the remainder when v is divided by 49?
5
Suppose 147 + 321 = 12*q. Let y(r) = 25*r**2 + 2*r - 4. What is the remainder when y(-7) is divided by q?
37
Let w = 3364 + -3266. What is the remainder when 1216 is divided by w?
40
Suppose 0 = 7*t + 13*t - 140. Suppose 0 = t*j - 686 - 161. Calculate the remainder when j is divided by 5.
1
Suppose -2*i + 15 = -i. Suppose 0 = 5*h + z - 510, -120 = -2*h - 3*z + 84. Calculate the remainder when h is divided by i.
12
Let c = -982 - -1291. Calculate the remainder when c is divided by 291.
18
Suppose -33*k - 24 = -4*q - 35*k, -5*k = 2*q - 20. Calculate the remainder when 55 is divided by q.
0
Let r(k) = -k**3 - 2*k**2 + k - 12. Suppose -20*o = -22*o - 8. Calculate the remainder when 78 is divided by r(o).
14
Suppose -2*q + 4*q + o = 587, -2*o + 1470 = 5*q. What is the remainder when q is divided by 288?
8
Suppose -116 = -0*o - 4*o + 5*j, 2*o = j + 52. Suppose -252*l - 306 = -255*l. What is the remainder when l is divided by (-4)/(-6) - (-824)/o?
32
Let x be -12*(9/3)/9. Let u = x + 28. Suppose -25*r = -u*r - 18. What is the remainder when 69 is divided by r?
15
Let p(b) = -11*b + 113. Let y(c) = -5*c + 56. Let x(z) = -3*p(z) + 7*y(z). Calculate the remainder when 756 is divided by x(15).
20
Suppose 3*x = -d + 68, -3*d = 2*x - 653 + 533. Let k be (4/2)/((-2)/402). Let g = -276 - k. What is the remainder when g is divided by d?
30
Suppose -8 = -c + 35. Let q(f) = -48*f - 753. What is the remainder when c is divided by q(-16)?
13
Suppose 23*d - 752 = 444. Calculate the remainder when 592 is divided by d.
20
Let k(n) = -n**2 + 12*n + 8. Suppose -5*s - 2*v + 15 = 3*v, s - 2 = -2*v. Suppose s*o = 66 + 30. What is the remainder when k(5) is divided by o?
19
Suppose 738 = 19*y + 49 + 119. Let b(j) = -3*j**3 + 4*j**2 + j + 4. Calculate the remainder 